w be 90/27 + (-2)/6. Suppose -w*l - 241 = -4*d, 5*d - 3*l - 232 = 73. What is the greatest common factor of 16 and d?
16
Let n(r) = -r**3 + 4*r**2 + 5*r + 6. Let b be n(5). Let c = 0 + b. What is the highest common factor of 24 and c?
6
Let q be -2 + -5 + (0 - -2). Let z(k) = -k**3 - 4*k**2 - 7. Let f be z(q). Let t be (20/25)/(6/15). What is the highest common factor of t and f?
2
Suppose -6*z = c - z + 3, 0 = 2*c + z + 33. Let y = -16 - c. Calculate the highest common factor of y and 3.
1
Suppose -2*c = 2*k - 4, -3*k - k + 3*c = -22. Suppose -y = -2*x + 4, -k*x = 3*y - 0*x - 18. Calculate the highest common divisor of 6 and y.
2
Let w(k) = 6*k - 15. Let b be w(6). What is the greatest common factor of b and 168?
21
Suppose -10*i - 11 = -11*i. Calculate the highest common factor of 22 and i.
11
Let c = -14 + 22. Calculate the greatest common divisor of c and 1.
1
Let r = 17 + -10. What is the highest common factor of r and 77?
7
Suppose 4*t = 4*x - 9*x + 92, -3*t = 4*x - 68. What is the highest common factor of t and 70?
14
Let t(w) = 39*w**3 - w + 1. Let v be t(1). What is the greatest common divisor of 26 and v?
13
Let t = 95 - 50. Let j = 32 - 14. Calculate the greatest common factor of j and t.
9
Let g(a) = -a**3 - a**2 - 4*a - 2. Let d be g(-3). Suppose -2*s + d = -3*s. Let l = -12 - s. What is the highest common factor of l and 16?
16
Let r = 6 - 3. Suppose 0 = r*g - 2*g - 16. Let x be (3 - 7)/((-1)/(-16)*-1). Calculate the highest common divisor of g and x.
16
Suppose 2*m = 5*m - 210. Let x(s) = 2*s - 15. Let v be x(10). Suppose -c = -4*f + 17 + 12, -v*c - 5 = 0. Calculate the greatest common factor of f and m.
7
Let b = 8 - 2. Suppose -3*s - 16 = -d, -24 = 3*d - b*d + 3*s. Calculate the highest common divisor of 40 and d.
4
Let b = -10 + 19. Suppose -4*q + b*q - 4*z - 57 = 0, -2*q - z = -28. What is the greatest common divisor of q and 65?
13
Let v(n) = -17*n - 36. Let y be v(-9). What is the greatest common divisor of y and 9?
9
Suppose -19*c = -7*c - 384. What is the greatest common factor of 8 and c?
8
Suppose 2*u = 5*u - 9. Calculate the greatest common factor of u and 6.
3
Let j be (-10)/10 + 1*121. What is the highest common divisor of j and 24?
24
Let q = 21 + -13. Let n = -3 + 4. Let g be 0 + (-2 - n) + 7. Calculate the highest common factor of q and g.
4
Let p = -6 - -2. Let b = 4 - p. Let m be (-20)/b*(-8)/10. Calculate the highest common divisor of 14 and m.
2
Let s be 2 - (3 + -121 - -1). What is the highest common factor of s and 17?
17
Suppose 5*m - 16 + 1 = 0, 2*m = 5*c - 489. Let s = 2 - 0. Let d be (-70)/(-6) - s/3. What is the greatest common divisor of c and d?
11
Let x be ((-432)/(-80))/(3/10). Calculate the greatest common divisor of 45 and x.
9
Let o(r) be the third derivative of r**5/30 - r**4/3 + r**3 + r**2. Suppose 2 = -d + 7. Let t be o(d). Calculate the highest common factor of t and 4.
4
Let w = -1 + -2. Let t = w + 13. What is the greatest common factor of t and 10?
10
Suppose 4*o + 44 = 6*o. Let i = o + 20. Calculate the highest common factor of 28 and i.
14
Let m be (-3)/(9/6*-1). Suppose n - 12 + m = 0. Calculate the highest common divisor of n and 80.
10
Let z = 123 - 87. Calculate the greatest common divisor of 36 and z.
36
Let y = 0 + 1. Suppose -3*g + 16 = 3*u + 37, -g + 4*u = 12. Let t be g*(-1)/(0 + 1). What is the greatest common factor of y and t?
1
Let a = 14 - 10. Let s be a - 4/(4/2). Suppose 104 = s*w + 4. Calculate the highest common factor of w and 10.
10
Let w(j) = 6*j**2 - j - 1. Let t be w(2). Suppose 3*v + 0*v - t = 0. What is the greatest common factor of 77 and v?
7
Let q be 26/7 - (-6)/21. Suppose 4 = -q*o - 4, -4*l + 294 = 5*o. What is the highest common factor of 19 and l?
19
Let u be (-86)/(-18) + 4/18. Suppose 2*l - u*g + g - 94 = 0, l - 5*g = 41. What is the greatest common factor of 17 and l?
17
Let m = 2 + 1. Suppose 15 = -m*g + 63. Suppose 0 = 6*q - 430 + 142. Calculate the greatest common divisor of q and g.
16
Let i(r) = -39*r**3 + 1. Let w be i(-1). What is the greatest common divisor of 100 and w?
20
Let x(i) = -i**3 + 5*i**2 + 6*i. Let n be x(5). Suppose 4*m - 1 = 11. Let h be n/(-4)*(-6)/m. Calculate the highest common factor of h and 15.
15
Let q(o) = -4*o + 2. Let t be q(4). Let g be 2/7 + (-178)/t. What is the highest common divisor of g and 52?
13
Let u = -46 + 10. Let a = u + 644. Let l be (-2)/5 + a/20. What is the highest common factor of l and 6?
6
Let l(b) = -b**2 - b - 1. Let c(k) = -7*k**2 - 15. Let n(f) = -c(f) + 4*l(f). Let a be n(8). What is the greatest common factor of a and 19?
19
Let s = 41 - 16. Calculate the greatest common divisor of 275 and s.
25
Let v = -9 + 37. What is the greatest common divisor of 14 and v?
14
Suppose -4*b = -10 + 2. Suppose -c = -2*c + b. Suppose 0 = -4*h - 2*h + 6. Calculate the greatest common factor of c and h.
1
Suppose -11 = 4*c - 55. Let i be 0/6 + c*1. What is the highest common divisor of 99 and i?
11
Let c(b) be the second derivative of b**4/3 - b**2 + b. Let t be c(2). Calculate the highest common factor of t and 21.
7
Suppose -2*q - 130 = -3*n - 2*n, -77 = -3*n + q. Calculate the highest common factor of n and 24.
24
Suppose c - 1 = 74. What is the greatest common factor of 15 and c?
15
Suppose 172 = -0*l - 2*l - 4*h, -l - 89 = 5*h. Let o = 90 + -126. Let s = o - l. Calculate the highest common divisor of 6 and s.
6
Let m(t) = 5*t - 9. Let r be m(9). What is the highest common factor of 12 and r?
12
Let t(x) = -x - 4. Let j be t(-13). What is the highest common factor of j and 45?
9
Let z(w) = w + 4. Let c be z(-10). Let v be (-44)/(-8) - (-3)/c. Suppose -195 = -5*b - 5*n, -21 = -b - 0*b + v*n. What is the highest common factor of 12 and b?
12
Suppose -74 = -5*s + 2*d, 5*s = -d + 2*d + 77. Calculate the greatest common divisor of s and 104.
8
Suppose 0 = -4*x - 5*j + 37, 5*x - j - 10 = -0*j. Let z = 1 + -4. Let i be z - -33 - 0/2. What is the highest common factor of i and x?
3
Let x(i) = i**2 - 15*i - 15. Let o be x(16). Let h = -4 + 8. Let w be 2*(2 + (-6)/h). Calculate the greatest common factor of w and o.
1
Suppose 4*w - 4*g - 52 = 0, 5*g + 9 = 4*w - 3*w. What is the highest common factor of 14 and w?
14
Let j(t) = t**2 + 2. Let y be j(-6). What is the highest common divisor of y and 19?
19
Suppose 104 = 4*a - 16. What is the greatest common divisor of a and 6?
6
Let h be ((-10)/6)/((-1)/3). Suppose 0 = -h*i + 3 + 2. Let l(n) = 2*n**2 + 2*n - 3. Let a be l(2). What is the highest common divisor of i and a?
1
Let j(x) = 2*x**2 - 19*x - 14. Let r be j(11). What is the highest common divisor of 95 and r?
19
Let o = -29 - -21. Let c be 6/(-4)*o/6. Suppose 7*l - c*l = 475. What is the greatest common factor of 38 and l?
19
Let q = 24 + -12. Let u(n) be the first derivative of -n**2 - 6*n + 1. Let t be u(-5). Calculate the greatest common factor of t and q.
4
Let l be (-717)/(-11) + (-10)/55. What is the greatest common divisor of l and 26?
13
Let q = 130 + -100. Calculate the highest common divisor of 12 and q.
6
Let h be (5 - 40)*4/(-10). Let b(v) = -v - 9. Let q be b(-9). Suppose 3*a - 63 = -q*a. What is the highest common divisor of h and a?
7
Suppose 0 = 2*b + 14. Let h(i) = 32 - 13 + i**2 - 9 + 6*i - 13. Let o be h(b). What is the greatest common divisor of o and 2?
2
Let l = -19 + 84. Calculate the highest common divisor of 13 and l.
13
Let o = 7 + 10. What is the greatest common divisor of 153 and o?
17
Let d(m) = 4*m**2 - 6*m - 4. Suppose 5 = b, 3 = o + o - b. Suppose 2*l = -8 - o. Let i be d(l). What is the greatest common divisor of i and 16?
16
Suppose 0 = 6*t - 5*t - 54. What is the highest common factor of 6 and t?
6
Suppose 5*t - 384 = 4*i, 0 = -4*i - 2 + 18. Suppose -204 = -13*y + 56. Calculate the highest common divisor of t and y.
20
Let k(f) = -15*f + 2. Let h be k(-5). Calculate the greatest common divisor of h and 11.
11
Suppose 0 = 4*o - 50 - 230. Suppose g - 4 = 3. Calculate the greatest common divisor of o and g.
7
Let t(x) = x - 10. Let d be t(0). Let v be 6/15 + (-146)/d. What is the greatest common factor of 5 and v?
5
Let i be -1 - (0 - 1) - -28. Suppose -23*g + 164 + 158 = 0. Calculate the highest common divisor of g and i.
14
Let s be (-1*6)/(6/(-4)). Suppose -o = 3*o + 12, -s*b +